[INFO] cloning repository https://github.com/Mothblocks/mothbus
[INFO] running `Command { std: "git" "-c" "credential.helper=" "-c" "credential.helper=/workspace/cargo-home/bin/git-credential-null" "clone" "--bare" "https://github.com/Mothblocks/mothbus" "/workspace/cache/git-repos/https%3A%2F%2Fgithub.com%2FMothblocks%2Fmothbus", kill_on_drop: false }`
[INFO] [stderr] Cloning into bare repository '/workspace/cache/git-repos/https%3A%2F%2Fgithub.com%2FMothblocks%2Fmothbus'...
[INFO] running `Command { std: "git" "rev-parse" "HEAD", kill_on_drop: false }`
[INFO] [stdout] 06986437b5787dfa5bf347b3502ac3bbc733f5c2
[INFO] checking Mothblocks/mothbus against master#e6e4f7ed1589e03bc2f6c5931c1a72e7947e8682 for beta-170-4
[INFO] running `Command { std: "git" "clone" "/workspace/cache/git-repos/https%3A%2F%2Fgithub.com%2FMothblocks%2Fmothbus" "/workspace/builds/worker-6-tc2/source", kill_on_drop: false }`
[INFO] [stderr] Cloning into '/workspace/builds/worker-6-tc2/source'...
[INFO] [stderr] done.
[INFO] validating manifest of git repo https://github.com/Mothblocks/mothbus on toolchain e6e4f7ed1589e03bc2f6c5931c1a72e7947e8682
[INFO] running `Command { std: CARGO_HOME="/workspace/cargo-home" RUSTUP_HOME="/workspace/rustup-home" "/workspace/cargo-home/bin/cargo" "+e6e4f7ed1589e03bc2f6c5931c1a72e7947e8682" "metadata" "--manifest-path" "Cargo.toml" "--no-deps", kill_on_drop: false }`
[INFO] started tweaking git repo https://github.com/Mothblocks/mothbus
[INFO] finished tweaking git repo https://github.com/Mothblocks/mothbus
[INFO] tweaked toml for git repo https://github.com/Mothblocks/mothbus written to /workspace/builds/worker-6-tc2/source/Cargo.toml
[INFO] crate git repo https://github.com/Mothblocks/mothbus already has a lockfile, it will not be regenerated
[INFO] running `Command { std: CARGO_HOME="/workspace/cargo-home" RUSTUP_HOME="/workspace/rustup-home" "/workspace/cargo-home/bin/cargo" "+e6e4f7ed1589e03bc2f6c5931c1a72e7947e8682" "fetch" "--manifest-path" "Cargo.toml", kill_on_drop: false }`
[INFO] running `Command { std: "docker" "create" "-v" "/var/lib/crater-agent-workspace/builds/worker-6-tc2/target:/opt/rustwide/target:rw,Z" "-v" "/var/lib/crater-agent-workspace/builds/worker-6-tc2/source:/opt/rustwide/workdir:ro,Z" "-v" "/var/lib/crater-agent-workspace/cargo-home:/opt/rustwide/cargo-home:ro,Z" "-v" "/var/lib/crater-agent-workspace/rustup-home:/opt/rustwide/rustup-home:ro,Z" "-e" "SOURCE_DIR=/opt/rustwide/workdir" "-e" "CARGO_TARGET_DIR=/opt/rustwide/target" "-e" "CARGO_HOME=/opt/rustwide/cargo-home" "-e" "RUSTUP_HOME=/opt/rustwide/rustup-home" "-w" "/opt/rustwide/workdir" "-m" "1610612736" "--user" "0:0" "--network" "none" "ghcr.io/rust-lang/crates-build-env/linux@sha256:19e73879b68f455e41552ea35293514db52ea292d993f571636dbffedb77a1ee" "/opt/rustwide/cargo-home/bin/cargo" "+e6e4f7ed1589e03bc2f6c5931c1a72e7947e8682" "metadata" "--no-deps" "--format-version=1", kill_on_drop: false }`
[INFO] [stdout] bc08efa6de5faea6bea98f0a2bb2b934b4bd09e2b2455dc0b66e50ba561bec97
[INFO] running `Command { std: "docker" "start" "-a" "bc08efa6de5faea6bea98f0a2bb2b934b4bd09e2b2455dc0b66e50ba561bec97", kill_on_drop: false }`
[INFO] running `Command { std: "docker" "inspect" "bc08efa6de5faea6bea98f0a2bb2b934b4bd09e2b2455dc0b66e50ba561bec97", kill_on_drop: false }`
[INFO] running `Command { std: "docker" "rm" "-f" "bc08efa6de5faea6bea98f0a2bb2b934b4bd09e2b2455dc0b66e50ba561bec97", kill_on_drop: false }`
[INFO] [stdout] bc08efa6de5faea6bea98f0a2bb2b934b4bd09e2b2455dc0b66e50ba561bec97
[INFO] running `Command { std: "docker" "create" "-v" "/var/lib/crater-agent-workspace/builds/worker-6-tc2/target:/opt/rustwide/target:rw,Z" "-v" "/var/lib/crater-agent-workspace/builds/worker-6-tc2/source:/opt/rustwide/workdir:ro,Z" "-v" "/var/lib/crater-agent-workspace/cargo-home:/opt/rustwide/cargo-home:ro,Z" "-v" "/var/lib/crater-agent-workspace/rustup-home:/opt/rustwide/rustup-home:ro,Z" "-e" "SOURCE_DIR=/opt/rustwide/workdir" "-e" "CARGO_TARGET_DIR=/opt/rustwide/target" "-e" "CARGO_INCREMENTAL=0" "-e" "RUST_BACKTRACE=full" "-e" "RUSTFLAGS=--cap-lints=forbid" "-e" "RUSTDOCFLAGS=--cap-lints=forbid" "-e" "CARGO_HOME=/opt/rustwide/cargo-home" "-e" "RUSTUP_HOME=/opt/rustwide/rustup-home" "-w" "/opt/rustwide/workdir" "-m" "1610612736" "--user" "0:0" "--network" "none" "ghcr.io/rust-lang/crates-build-env/linux@sha256:19e73879b68f455e41552ea35293514db52ea292d993f571636dbffedb77a1ee" "/opt/rustwide/cargo-home/bin/cargo" "+e6e4f7ed1589e03bc2f6c5931c1a72e7947e8682" "check" "--frozen" "--all" "--all-targets" "--message-format=json", kill_on_drop: false }`
[INFO] [stdout] 63d823b795169c32fbb37b627d53b6125b664b59bf324a5682a89448f1a006ac
[INFO] running `Command { std: "docker" "start" "-a" "63d823b795169c32fbb37b627d53b6125b664b59bf324a5682a89448f1a006ac", kill_on_drop: false }`
[INFO] [stderr]    Compiling libc v0.2.126
[INFO] [stderr]    Compiling proc-macro2 v1.0.40
[INFO] [stderr]    Compiling quote v1.0.20
[INFO] [stderr]    Compiling unicode-ident v1.0.1
[INFO] [stderr]    Compiling syn v1.0.98
[INFO] [stderr]     Checking once_cell v1.14.0
[INFO] [stderr]    Compiling log v0.4.17
[INFO] [stderr]    Compiling cc v1.0.73
[INFO] [stderr]    Compiling ppv-lite86 v0.2.16
[INFO] [stderr]    Compiling libm v0.2.2
[INFO] [stderr]    Compiling num-traits v0.2.15
[INFO] [stderr]    Compiling num-integer v0.1.45
[INFO] [stderr]     Checking itoa v1.0.2
[INFO] [stderr]    Compiling serde_derive v1.0.138
[INFO] [stderr]    Compiling siphasher v0.3.10
[INFO] [stderr]    Compiling serde v1.0.138
[INFO] [stderr]     Checking tracing-core v0.1.28
[INFO] [stderr]     Checking parking_lot_core v0.9.3
[INFO] [stderr]    Compiling getrandom v0.2.7
[INFO] [stderr]     Checking socket2 v0.4.4
[INFO] [stderr]     Checking num_cpus v1.13.1
[INFO] [stderr]     Checking signal-hook-registry v1.4.0
[INFO] [stderr]     Checking mio v0.8.4
[INFO] [stderr]     Checking parking_lot v0.12.1
[INFO] [stderr]    Compiling rand_core v0.6.3
[INFO] [stderr]    Compiling typenum v1.15.0
[INFO] [stderr]    Compiling getrandom v0.1.16
[INFO] [stderr]    Compiling ring v0.16.20
[INFO] [stderr]     Checking lazy_static v1.4.0
[INFO] [stderr]    Compiling rand_chacha v0.3.1
[INFO] [stderr]     Checking slab v0.4.6
[INFO] [stderr]    Compiling futures-util v0.3.21
[INFO] [stderr]    Compiling spin v0.5.2
[INFO] [stderr]    Compiling rand v0.8.5
[INFO] [stderr]    Compiling rand_core v0.5.1
[INFO] [stderr]    Compiling generic-array v0.14.5
[INFO] [stderr]     Checking ahash v0.7.6
[INFO] [stderr]    Compiling num-iter v0.1.43
[INFO] [stderr]     Checking hashbrown v0.12.2
[INFO] [stderr]    Compiling rand_pcg v0.2.1
[INFO] [stderr]    Compiling rand_chacha v0.2.2
[INFO] [stderr]    Compiling untrusted v0.7.1
[INFO] [stderr]     Checking http v0.2.8
[INFO] [stderr]    Compiling rand v0.7.3
[INFO] [stderr]    Compiling phf_shared v0.8.0
[INFO] [stderr]    Compiling unicase v2.6.0
[INFO] [stderr]    Compiling num-bigint v0.4.3
[INFO] [stderr]    Compiling num-bigint-dig v0.8.1
[INFO] [stderr]    Compiling subtle v2.4.1
[INFO] [stderr]    Compiling base64ct v1.5.1
[INFO] [stderr]    Compiling futures-channel v0.3.21
[INFO] [stderr]    Compiling crypto-bigint v0.3.2
[INFO] [stderr]    Compiling phf_generator v0.8.0
[INFO] [stderr]    Compiling pem-rfc7468 v0.3.1
[INFO] [stderr]     Checking indexmap v1.9.1
[INFO] [stderr]    Compiling phf_shared v0.10.0
[INFO] [stderr]    Compiling const-oid v0.7.1
[INFO] [stderr]    Compiling crossbeam-utils v0.8.10
[INFO] [stderr]    Compiling smallvec v1.9.0
[INFO] [stderr]    Compiling pin-project-lite v0.2.9
[INFO] [stderr]     Checking minimal-lexical v0.2.1
[INFO] [stderr]     Checking webpki v0.22.0
[INFO] [stderr]    Compiling tinyvec_macros v0.1.0
[INFO] [stderr]    Compiling tinyvec v1.6.0
[INFO] [stderr]     Checking sct v0.7.0
[INFO] [stderr]     Checking nom v7.1.1
[INFO] [stderr]    Compiling der v0.5.1
[INFO] [stderr]    Compiling phf_generator v0.10.0
[INFO] [stderr]     Checking http-body v0.4.5
[INFO] [stderr]    Compiling rustls v0.20.6
[INFO] [stderr]    Compiling crypto-common v0.1.4
[INFO] [stderr]    Compiling block-buffer v0.10.2
[INFO] [stderr]    Compiling futures-core v0.3.21
[INFO] [stderr]    Compiling zeroize v1.5.6
[INFO] [stderr]     Checking ryu v1.0.10
[INFO] [stderr]    Compiling serde_json v1.0.82
[INFO] [stderr]    Compiling proc-macro-hack v0.5.19
[INFO] [stderr]    Compiling crossbeam-queue v0.3.5
[INFO] [stderr]    Compiling tokio v1.19.2
[INFO] [stderr]    Compiling unicode-normalization v0.1.21
[INFO] [stderr]    Compiling spki v0.5.4
[INFO] [stderr]    Compiling digest v0.10.3
[INFO] [stderr]    Compiling instant v0.1.12
[INFO] [stderr]    Compiling matches v0.1.9
[INFO] [stderr]    Compiling scopeguard v1.1.0
[INFO] [stderr]    Compiling unicode-bidi v0.3.8
[INFO] [stderr]     Checking new_debug_unreachable v1.0.4
[INFO] [stderr]    Compiling futures-task v0.3.21
[INFO] [stderr]    Compiling lock_api v0.4.7
[INFO] [stderr]    Compiling parking_lot_core v0.8.5
[INFO] [stderr]     Checking want v0.3.0
[INFO] [stderr]    Compiling mime_guess v2.0.4
[INFO] [stderr]    Compiling pkcs8 v0.8.0
[INFO] [stderr]    Compiling string_cache_codegen v0.5.2
[INFO] [stderr]    Compiling phf_codegen v0.10.0
[INFO] [stderr]    Compiling cpufeatures v0.2.2
[INFO] [stderr]    Compiling async-trait v0.1.56
[INFO] [stderr]     Checking mac v0.1.1
[INFO] [stderr]     Checking precomputed-hash v0.1.1
[INFO] [stderr]    Compiling percent-encoding v2.1.0
[INFO] [stderr]    Compiling ucd-trie v0.1.4
[INFO] [stderr]    Compiling futures-sink v0.3.21
[INFO] [stderr]    Compiling byteorder v1.4.3
[INFO] [stderr]    Compiling either v1.7.0
[INFO] [stderr]     Checking time v0.3.11
[INFO] [stderr]    Compiling itertools v0.10.3
[INFO] [stderr]    Compiling pest v2.1.3
[INFO] [stderr]    Compiling tokio-macros v1.8.0
[INFO] [stderr]    Compiling futures-macro v0.3.21
[INFO] [stderr]    Compiling tracing-attributes v0.1.22
[INFO] [stderr]    Compiling thiserror-impl v1.0.31
[INFO] [stderr]    Compiling pin-project-internal v1.0.11
[INFO] [stderr]    Compiling tokio-rustls v0.23.4
[INFO] [stderr]    Compiling cssparser v0.27.2
[INFO] [stderr]    Compiling phf_macros v0.8.0
[INFO] [stderr]     Checking tracing v0.1.35
[INFO] [stderr]     Checking thiserror v1.0.31
[INFO] [stderr]    Compiling form_urlencoded v1.0.1
[INFO] [stderr]    Compiling markup5ever v0.11.0
[INFO] [stderr]     Checking futf v0.1.5
[INFO] [stderr]     Checking pin-project v1.0.11
[INFO] [stderr]     Checking brotli v3.3.4
[INFO] [stderr]    Compiling pkcs1 v0.3.3
[INFO] [stderr]    Compiling parking_lot v0.11.2
[INFO] [stderr]    Compiling idna v0.2.3
[INFO] [stderr]    Compiling phf_codegen v0.8.0
[INFO] [stderr]     Checking sharded-slab v0.1.4
[INFO] [stderr]     Checking tokio-util v0.7.3
[INFO] [stderr]     Checking tracing-log v0.1.3
[INFO] [stderr]     Checking uuid v1.1.2
[INFO] [stderr]     Checking thread_local v1.1.4
[INFO] [stderr]    Compiling crossbeam-utils v0.7.2
[INFO] [stderr]    Compiling memoffset v0.5.6
[INFO] [stderr]     Checking h2 v0.3.13
[INFO] [stderr]    Compiling paste v1.0.7
[INFO] [stderr]     Checking tower-layer v0.3.1
[INFO] [stderr]     Checking dtoa v0.4.8
[INFO] [stderr]    Compiling base64 v0.13.0
[INFO] [stderr]    Compiling pin-utils v0.1.0
[INFO] [stderr]     Checking utf-8 v0.7.6
[INFO] [stderr]     Checking ansi_term v0.12.1
[INFO] [stderr]    Compiling unicode_categories v0.1.1
[INFO] [stderr]    Compiling unicode-segmentation v1.9.0
[INFO] [stderr]     Checking event-listener v2.5.2
[INFO] [stderr]    Compiling crc-catalog v2.1.0
[INFO] [stderr]    Compiling crc v3.0.0
[INFO] [stderr]    Compiling sqlformat v0.1.8
[INFO] [stderr]     Checking tracing-subscriber v0.3.14
[INFO] [stderr]    Compiling rustls-pemfile v1.0.0
[INFO] [stderr]    Compiling heck v0.4.0
[INFO] [stderr]     Checking tendril v0.4.3
[INFO] [stderr]     Checking dtoa-short v0.3.3
[INFO] [stderr]     Checking tower v0.4.13
[INFO] [stderr]    Compiling pest_meta v2.1.3
[INFO] [stderr]     Checking async-compression v0.3.14
[INFO] [stderr]     Checking phf v0.8.0
[INFO] [stderr]    Compiling selectors v0.22.0
[INFO] [stderr]    Compiling url v2.2.2
[INFO] [stderr]    Compiling futures-intrusive v0.4.0
[INFO] [stderr]     Checking serde_urlencoded v0.7.1
[INFO] [stderr]     Checking string_cache v0.8.4
[INFO] [stderr]    Compiling rsa v0.6.1
[INFO] [stderr]    Compiling sqlx-rt v0.6.0
[INFO] [stderr]     Checking hyper v0.14.20
[INFO] [stderr]    Compiling tokio-stream v0.1.9
[INFO] [stderr]    Compiling html5ever v0.26.0
[INFO] [stderr]    Compiling cssparser-macros v0.6.0
[INFO] [stderr]    Compiling sha-1 v0.10.0
[INFO] [stderr]    Compiling sha2 v0.10.2
[INFO] [stderr]     Checking phf v0.10.1
[INFO] [stderr]    Compiling hashlink v0.8.0
[INFO] [stderr]    Compiling stringprep v0.1.2
[INFO] [stderr]     Checking iri-string v0.4.1
[INFO] [stderr]    Compiling webpki-roots v0.22.4
[INFO] [stderr]    Compiling chrono v0.4.19
[INFO] [stderr]    Compiling atoi v1.0.0
[INFO] [stderr]    Compiling backtrace v0.3.66
[INFO] [stderr]     Checking time v0.1.43
[INFO] [stderr]    Compiling crossbeam-epoch v0.8.2
[INFO] [stderr]    Compiling eyre v0.6.8
[INFO] [stderr]     Checking nodrop v0.1.14
[INFO] [stderr]     Checking gimli v0.26.1
[INFO] [stderr]     Checking parking v2.0.0
[INFO] [stderr]     Checking fastrand v1.7.0
[INFO] [stderr]     Checking stable_deref_trait v1.2.0
[INFO] [stderr]     Checking futures-io v0.3.21
[INFO] [stderr]     Checking cache-padded v1.2.0
[INFO] [stderr]    Compiling bitflags v1.3.2
[INFO] [stderr]    Compiling hex v0.4.3
[INFO] [stderr]     Checking waker-fn v1.1.0
[INFO] [stderr]     Checking futures-lite v1.12.0
[INFO] [stderr]    Compiling sqlx-core v0.6.0
[INFO] [stderr]     Checking concurrent-queue v1.2.2
[INFO] [stderr]     Checking servo_arc v0.1.1
[INFO] [stderr]     Checking axum-core v0.2.6
[INFO] [stderr]    Compiling derive_more v0.99.17
[INFO] [stderr]     Checking tower-http v0.3.4
[INFO] [stderr]     Checking addr2line v0.17.0
[INFO] [stderr]    Compiling pest_generator v2.1.3
[INFO] [stderr]     Checking tracing-error v0.2.0
[INFO] [stderr]     Checking fxhash v0.2.1
[INFO] [stderr]     Checking raw-cpuid v10.3.0
[INFO] [stderr]     Checking polling v2.2.0
[INFO] [stderr]     Checking object v0.29.0
[INFO] [stderr]     Checking thin-slice v0.1.1
[INFO] [stderr]    Compiling dotenv v0.15.0
[INFO] [stderr]     Checking owo-colors v3.4.0
[INFO] [stderr]     Checking rustc-demangle v0.1.21
[INFO] [stderr]     Checking matchit v0.5.0
[INFO] [stderr]     Checking indenter v0.3.3
[INFO] [stderr]     Checking unicode-width v0.1.9
[INFO] [stderr]    Compiling moka v0.9.0
[INFO] [stderr]     Checking sync_wrapper v0.1.1
[INFO] [stderr]     Checking quanta v0.10.0
[INFO] [stderr]     Checking getopts v0.2.21
[INFO] [stderr]     Checking color-spantrace v0.2.0
[INFO] [stderr]    Compiling pest_derive v2.1.0
[INFO] [stderr]     Checking async-io v1.7.0
[INFO] [stderr]     Checking axum v0.5.11
[INFO] [stderr]     Checking hyper-rustls v0.23.0
[INFO] [stderr]     Checking cookie v0.16.0
[INFO] [stderr]     Checking async-lock v2.5.0
[INFO] [stderr]     Checking simple_asn1 v0.6.2
[INFO] [stderr]     Checking crossbeam-channel v0.5.5
[INFO] [stderr]     Checking pem v1.1.0
[INFO] [stderr]     Checking scheduled-thread-pool v0.2.6
[INFO] [stderr]     Checking ego-tree v0.6.2
[INFO] [stderr]     Checking triomphe v0.1.7
[INFO] [stderr]     Checking tagptr v0.2.0
[INFO] [stderr]     Checking utf8-width v0.1.6
[INFO] [stderr]     Checking reqwest v0.11.11
[INFO] [stderr]     Checking html-escape v0.2.11
[INFO] [stderr]     Checking color-eyre v0.6.1
[INFO] [stderr]     Checking jsonwebtoken v8.1.1
[INFO] [stderr]     Checking handlebars v4.3.1
[INFO] [stderr]     Checking scraper v0.13.0
[INFO] [stderr]    Compiling sqlx-macros v0.6.0
[INFO] [stderr]     Checking toml v0.5.9
[INFO] [stderr]    Compiling axum-macros v0.2.3
[INFO] [stderr]     Checking axum-extra v0.3.6
[INFO] [stderr]     Checking sqlx v0.6.0
[INFO] [stderr]     Checking mothbus v1.7.0 (/opt/rustwide/workdir)
[INFO] [stdout] error[E0583]: file not found for module `evasion`
[INFO] [stdout]   --> src/routes/mod.rs:32:1
[INFO] [stdout]    |
[INFO] [stdout] 32 | pub mod evasion;
[INFO] [stdout]    | ^^^^^^^^^^^^^^^^
[INFO] [stdout]    |
[INFO] [stdout]    = help: to create the module `evasion`, create file "src/routes/evasion.rs" or "src/routes/evasion/mod.rs"
[INFO] [stdout] 
[INFO] [stdout] 
[INFO] [stdout] error[E0583]: file not found for module `evasion`
[INFO] [stdout]   --> src/routes/mod.rs:32:1
[INFO] [stdout]    |
[INFO] [stdout] 32 | pub mod evasion;
[INFO] [stdout]    | ^^^^^^^^^^^^^^^^
[INFO] [stdout]    |
[INFO] [stdout]    = help: to create the module `evasion`, create file "src/routes/evasion.rs" or "src/routes/evasion/mod.rs"
[INFO] [stdout] 
[INFO] [stdout] 
[INFO] [stdout] error[E0425]: cannot find function `service` in module `routes::evasion`
[INFO] [stdout]    --> src/main.rs:106:22
[INFO] [stdout]     |
[INFO] [stdout] 106 |     routes::evasion::service()
[INFO] [stdout]     |                      ^^^^^^^ not found in `routes::evasion`
[INFO] [stdout] 
[INFO] [stdout] 
[INFO] [stdout] error[E0425]: cannot find function `service` in module `routes::evasion`
[INFO] [stdout]    --> src/main.rs:106:22
[INFO] [stdout]     |
[INFO] [stdout] 106 |     routes::evasion::service()
[INFO] [stdout]     |                      ^^^^^^^ not found in `routes::evasion`
[INFO] [stdout] 
[INFO] [stdout] 
[INFO] [stdout] error: aborting due to 2 previous errors
[INFO] [stdout] 
[INFO] [stdout] 
[INFO] [stdout] Some errors have detailed explanations: E0425, E0583.
[INFO] [stdout] 
[INFO] [stdout] For more information about an error, try `rustc --explain E0425`.
[INFO] [stdout] 
[INFO] [stderr] error: could not compile `mothbus` (bin "mothbus" test) due to 3 previous errors
[INFO] [stderr] warning: build failed, waiting for other jobs to finish...
[INFO] [stdout] error: aborting due to 2 previous errors
[INFO] [stdout] 
[INFO] [stdout] 
[INFO] [stdout] Some errors have detailed explanations: E0425, E0583.
[INFO] [stdout] 
[INFO] [stdout] For more information about an error, try `rustc --explain E0425`.
[INFO] [stdout] 
[INFO] [stderr] error: could not compile `mothbus` (bin "mothbus") due to 3 previous errors
[INFO] running `Command { std: "docker" "inspect" "63d823b795169c32fbb37b627d53b6125b664b59bf324a5682a89448f1a006ac", kill_on_drop: false }`
[INFO] running `Command { std: "docker" "rm" "-f" "63d823b795169c32fbb37b627d53b6125b664b59bf324a5682a89448f1a006ac", kill_on_drop: false }`
[INFO] [stdout] 63d823b795169c32fbb37b627d53b6125b664b59bf324a5682a89448f1a006ac
